e prime factors of ((-2)/a)/((-7)/280)?
2
Suppose 4*c + 27 = d, -5*d = -3*c - 0*c - 220. Suppose -r + 130 = d. List the prime factors of r.
83
Let x(w) = -w**3 - 8*w**2 + 59*w + 20. List the prime factors of x(-15).
2, 5, 71
Let k(n) = -9*n**3 - 3*n**2 + 6*n - 10. What are the prime factors of k(-8)?
2, 2179
Let t(x) = -x + 6. Let d be t(6). Suppose 360 = 6*l - 2*l + 5*v, -2*l + 2*v + 180 = d. List the prime factors of l.
2, 3, 5
Let o(u) = 31*u - 20. Let c be o(10). Let w = c + -187. What are the prime factors of w?
103
Let c be 6/9 - 20/(-6). Suppose c*z + 3*u = 24, 4*z = z - 4*u + 25. Suppose -z*g = -3, 5*s - 36 = 4*s - 5*g. List the prime factors of s.
31
Let l = -108 + 165. List the prime factors of l.
3, 19
Suppose 3*l = 2*c - 3096 + 592, 0 = -3*l. List the prime factors of c.
2, 313
Let z(x) = -5*x + 3. Suppose -71 + 21 = 2*d + 2*m, -41 = 2*d - m. Let w = d - -16. List the prime factors of z(w).
3, 11
Let y(d) = -d**3 - 4*d**2 - 5*d + 1. Let l be y(-4). Suppose 47 = -2*c + l. Let u = c + 21. List the prime factors of u.
2
Suppose -6*q = -10259 - 211. List the prime factors of q.
5, 349
Suppose -235 = -5*k - 0*k. Suppose 0 = -5*x - 0*b - 4*b - k, 0 = -4*x + 3*b - 19. Let v(t) = -6*t. What are the prime factors of v(x)?
2, 3, 7
Let f(b) = b**3 - 3*b**2 - b. Let u be f(3). Let c(t) = -4*t**3 - 6*t**2 + 4*t. What are the prime factors of c(u)?
2, 3, 7
Suppose 4*p = -t + 1085, 4*p + 595 - 1674 = 5*t. List the prime factors of p.
271
Let p be ((-6)/24)/((-2)/8). Suppose 0 = k + 2*t + 1, 18 = -5*k - 3*t - p. Let x(c) = c**2 + c - 4. List the prime factors of x(k).
2
Let w(p) = -p**2 + 5*p - 1. Let k be w(4). Let u(x) = -5*x + x**2 + 4*x + 0*x**2 - k*x. What are the prime factors of u(5)?
5
Suppose 0 = 3*p - 6 + 21. Let i(d) = 2*d + d + 0*d + 3*d + 1 - 14*d. List the prime factors of i(p).
41
Suppose -5*l = 5*w, 5*w = 3*w + 3*l + 25. Suppose 135 = w*o - 30. List the prime factors of o.
3, 11
Let r(q) = 4*q**2 - 33*q + 5. Let z be r(8). What are the prime factors of (-9128)/(-48) - z - (-2)/(-12)?
193
Suppose 0 = 10*q - 13*q. What are the prime factors of -2 + q - (-36 + 20)?
2, 7
Let n = 9597 - 5674. What are the prime factors of n?
3923
Suppose 7*b = 10*b + 63. Let c(o) = 6*o - 12. Let x be c(-6). Let d = b - x. What are the prime factors of d?
3
Let o(v) = -22 + 10 + 2*v + 0*v - 10. Let c be o(13). Suppose -309 = -5*y - b + c*b, -2*b + 4 = 0. List the prime factors of y.
3, 7
Suppose -2*c - 407 = -1835. List the prime factors of c.
2, 3, 7, 17
List the prime factors of 9/33 - (-7257)/11.
2, 3, 5, 11
Let t be (18 - 18)*(-1 + 3)/(-2). Suppose t = -0*i + 3*i - 366. What are the prime factors of i?
2, 61
Let t(d) = -d**3 - 9*d**2 - 3*d + 18. Let g be t(-9). Suppose 2*y + g = 169. List the prime factors of y.
2, 31
Suppose 1309*g - 1301*g - 840 = 0. List the prime factors of g.
3, 5, 7
Suppose -2*u - 3 = 9. Let j be (2/u)/((-1)/(-15)). List the prime factors of 94/4 + j/10.
23
Let s(w) = w**2 + 2*w + 2. Let v be s(-3). Suppose 0 = -3*r - i + 32, -2*r + r = v*i + 8. List the prime factors of 39*(r/(-9) - -3).
5, 13
Let f(w) = 2*w + 7*w**2 - 6*w**2 + 27 - 5*w + 25. List the prime factors of f(15).
2, 29
Let b(o) = 42*o**2 + 9*o - 16. What are the prime factors of b(6)?
2, 5, 31
Let x = 1474 + -873. List the prime factors of x.
601
Suppose 11 = 13*x - 6125. What are the prime factors of x?
2, 59
Let x(c) = -c**3 - 3*c**2 + 3. Let m be x(-3). Suppose 5*b + 4*q - 154 = 0, -2*b + 5*q = b - 85. Suppose 18 = m*d - b. List the prime factors of d.
2
Let y(m) be the first derivative of -m**4/4 - m**3 + 3*m**2 - 18*m - 13. What are the prime factors of y(-7)?
2, 17
Let m(j) = j**3 - 5*j**2 - 118*j + 18. What are the prime factors of m(-8)?
2, 5, 13
Suppose 0 = -m - 2*j - 4, -3*m + 3 = -j + 1. Suppose 3*h + 3*x - 75 = m, -6*h = -h + 3*x - 125. Let w = h + -14. What are the prime factors of w?
11
Let d(y) = -y**3 - 9*y**2 - 8*y + 10. Suppose 4*w + 7 = -25. List the prime factors of d(w).
2, 5
Suppose 11 + 13 = 4*p. Suppose p*f - 18 + 0 = 0. Suppose -2*j = -0*j + 2*a + 4, 26 = f*j - 5*a. What are the prime factors of j?
2
Let z(c) = 27*c + 50*c - 10*c - 40 - 11*c. List the prime factors of z(4).
2, 23
Let n be (-6)/18 - 83/3. Let q = n + 31. What are the prime factors of (0 + q)/((-2)/(-42))?
3, 7
Suppose -3*x = -i + 31, x + 25 = -4*x. Suppose 3*c + 29 = c - 5*h, -4*c - i = -4*h. Let t = -5 - c. What are the prime factors of t?
2
Suppose 4*x + 297 = 5*t - 0*x, 3*t - 5*x - 173 = 0. Let i = -24 + t. What are the prime factors of i?
37
Let u(a) = 2*a - 16. Let t be u(8). Suppose 3*w + t*w - 9 = 0. Suppose -f - w*f = -92. List the prime factors of f.
23
Suppose 0 = 3*a - 1830 - 2013. List the prime factors of a.
3, 7, 61
Suppose 2*y = -4*l + 8, 0 = 3*y + l - 6*l - 23. What are the prime factors of y?
2, 3
Let u be 3 + 14/(-4) + (-42)/(-12). Suppose -v + u*v - 450 = -j, j + 222 = v. List the prime factors of v.
2, 7
Let i(u) = -9*u + 4. Let g = -13 - -15. Let s be (14/4)/((-1)/g). List the prime factors of i(s).
67
Let l = 69 + -29. Let o = 0 + l. Suppose -d + 3*d - o = 0. What are the prime factors of d?
2, 5
Suppose -5*l + 2*q = 5*q - 687, -4*l + q = -553. List the prime factors of l.
2, 3, 23
What are the prime factors of (-42567)/(-14) - 20/(-8)?
17, 179
Let r be ((-32)/(-20))/(1/(-5)). Let q(m) be the second derivative of -m**3/6 - 2*m**2 + 10*m. List the prime factors of q(r).
2
What are the prime factors of 115/2070 + (-32831)/(-18)?
2, 3, 19
Suppose -4*f + h + 13 = 0, 5*f + 2*h = -0*h + 26. Suppose 3 = -n, f*n + 2 - 3 = -y. Let j = y + 36. List the prime factors of j.
7
Suppose 5*i - 6*i + 27 = 0. Suppose 5 + i = -j + s, j + 2*s + 35 = 0. Let x = -15 - j. What are the prime factors of x?
2, 3
Suppose 0 = -15*w - 13*w + 13076. What are the prime factors of w?
467
Let t be 183*(104/60)/(1/25). What are the prime factors of (2/(-5))/((-13)/t)?
2, 61
Let g = 11 - 8. Suppose -2*b - 1 = 3*j, -4*b - 5*j - 4 + g = 0. What are the prime factors of (-70)/((-4 - -2)*b)?
5, 7
Let g(f) = -f**3 + 3*f**2 + 5*f - 2. Let w be g(4). Suppose -3*x + 52 = 2*u, w*x + 140 = 5*u + 7*x. List the prime factors of u.
2
Let t = -2 + 6. Suppose -4*c + 301 = -t*w - w, 0 = 2*w + 2. Let d = c + -37. What are the prime factors of d?
37
Let k = 142 + 332. List the prime factors of k.
2, 3, 79
List the prime factors of (2282 - 0/(-3)) + 9 + -8.
3, 761
Suppose -4*z = -5*h + 29 + 14, 0 = -5*h - 4*z + 67. Let j = h - 9. Suppose -5*g - 4*y + 6 = -49, j*g - 22 = 4*y. List the prime factors of g.
11
Let k be (112/2)/(3 + -2). Suppose 5*a - 3*h = h + 116, 3*a - k = -h. Suppose 4*c = -4*x + 56, 3*x - 2*c - a = 2*x. What are the prime factors of x?
2
Suppose v - 2*d = 969, -2 + 14 = -3*d. List the prime factors of v.
31
Let o(l) = -10*l - 1. Let t be o(-1). Let v = t - 6. Suppose -2*w + 14 = 2*i, -v*w + i + 39 = -2*i. What are the prime factors of w?
2, 5
Let o = -26 + 20. Let j(z) = 4*z - 2*z - 7*z - 10. What are the prime factors of j(o)?
2, 5
Suppose -5*r = 4*r - 531. Suppose r = -3*o + 293. What are the prime factors of o?
2, 3, 13
Let z(x) = -5*x - 32. Let w be z(-6). Let n(p) = 30*p**2 - 1. What are the prime factors of n(w)?
7, 17
Let d = -2634 + 3723. List the prime factors of d.
3, 11
Suppose 10*g - 24 = 4*g. Let q(u) = -u - 4. Let p(c) = -3*c - 7. Let s(t) = -4*p(t) + 9*q(t). What are the prime factors of s(g)?
2
Suppose -3*z = -2*h - 568, 536 = 3*z - 4*h - 24. List the prime factors of z.
2, 3
Suppose -j + 1252 = 3*a - 88, 0 = a + j - 448. What are the prime factors of a?
2, 223
Let x = 711 - 488. Let k(o) = 20*o - 2. Let l be k(8). Let q = x - l. What are the prime factors of q?
5, 13
Let w be -3 + (5 - 0/(0 - 3)). Suppose 0 = -n + w*t + 59, n + 3*t + 117 = 3*n. List the prime factors of n.
3, 19
Let t(v) be the third derivative of 5*v**4/6 - 3*v**3/2 + 25*v**2. What are the prime factors of t(10)?
191
Let z be 0 + 0 + (246 - 3). Suppose 19 = -4*q + z. What are the prime factors of q?
2, 7
Let h = -168 - -464. What are the prime factors of h?
2, 37
Suppose 2*k + 9860 = 22*k. What are the prime factors of k?
17, 29
Suppose -82*f + 69*f = -43680. What are the prime factors of f?
2, 3, 5, 7
Let t(u) = 6*u**3 - u**2 + u - 2. Suppose 0 = -2*o + 5*o + 45. Let h = o + 17. List the prime facto